{"id":799,"date":"2021-03-17T22:37:44","date_gmt":"2021-03-17T21:37:44","guid":{"rendered":"http:\/\/adwokatslodzinski.pl\/?page_id=799"},"modified":"2021-03-17T22:37:45","modified_gmt":"2021-03-17T21:37:45","slug":"mediacje","status":"publish","type":"page","link":"http:\/\/adwokatslodzinski.pl\/index.php\/mediacje\/","title":{"rendered":"Mediacje"},"content":{"rendered":"\n<p>Poza\nwykonywaniem zawodu adwokata, jestem tak\u017ce mediatorem s\u0105dowym.\nProwadz\u0119 mediacje z zakresu prawa cywilnego, gospodarczego oraz\nprawa pracy.<\/p>\n\n\n\n<p>Uko\u0144czy\u0142em\nSzkolenie z Mediacji przeprowadzone przez Centrum Mediacji przy\nNaczelnej Radzie Adwokackiej<\/p>\n\n\n\n<p>Jestem\nsta\u0142ym mediatorem s\u0105dowym wpisanym na list\u0119 prowadzon\u0105 przez\nPrezesa S\u0105du Okr\u0119gowego w \u015awidnicy.<\/p>\n\n\n\n<p>Prowadz\u0119\nmediacje prywatne (umowne) oraz s\u0105dowe.<\/p>\n","protected":false},"excerpt":{"rendered":"<p>Poza wykonywaniem zawodu adwokata, jestem tak\u017ce mediatorem s\u0105dowym. Prowadz\u0119 mediacje z zakresu prawa cywilnego, gospodarczego oraz prawa pracy. Uko\u0144czy\u0142em Szkolenie z Mediacji przeprowadzone przez Centrum Mediacji przy Naczelnej Radzie Adwokackiej Jestem sta\u0142ym mediatorem s\u0105dowym wpisanym na list\u0119 prowadzon\u0105 przez Prezesa S\u0105du Okr\u0119gowego w \u015awidnicy. Prowadz\u0119 mediacje prywatne (umowne) oraz s\u0105dowe.<\/p>\n","protected":false},"author":1,"featured_media":0,"parent":0,"menu_order":0,"comment_status":"closed","ping_status":"open","template":"","meta":{"footnotes":""},"class_list":["post-799","page","type-page","status-publish","hentry"],"_links":{"self":[{"href":"http:\/\/adwokatslodzinski.pl\/index.php\/wp-json\/wp\/v2\/pages\/799"}],"collection":[{"href":"http:\/\/adwokatslodzinski.pl\/index.php\/wp-json\/wp\/v2\/pages"}],"about":[{"href":"http:\/\/adwokatslodzinski.pl\/index.php\/wp-json\/wp\/v2\/types\/page"}],"author":[{"embeddable":true,"href":"http:\/\/adwokatslodzinski.pl\/index.php\/wp-json\/wp\/v2\/users\/1"}],"replies":[{"embeddable":true,"href":"http:\/\/adwokatslodzinski.pl\/index.php\/wp-json\/wp\/v2\/comments?post=799"}],"version-history":[{"count":1,"href":"http:\/\/adwokatslodzinski.pl\/index.php\/wp-json\/wp\/v2\/pages\/799\/revisions"}],"predecessor-version":[{"id":800,"href":"http:\/\/adwokatslodzinski.pl\/index.php\/wp-json\/wp\/v2\/pages\/799\/revisions\/800"}],"wp:attachment":[{"href":"http:\/\/adwokatslodzinski.pl\/index.php\/wp-json\/wp\/v2\/media?parent=799"}],"curies":[{"name":"wp","href":"https:\/\/api.w.org\/{rel}","templated":true}]}}